5*f, 2*j = 3*j - f - 22. Let n(v) = -164*v - 2765. Calculate the remainder when n(-18) is divided by j.
25
Let p(i) = 70*i - 1121. Calculate the remainder when 116 is divided by p(17).
47
Let o = 2844 - 2436. Calculate the remainder when o is divided by 59.
54
Let d(y) = 3*y**2 + 3*y. Let b be d(2). Suppose -b - 12 = -2*w - 2*v, -5*w - 4*v = -78. Let f(a) = a + 4. What is the remainder when 76 is divided by f(w)?
10
Calculate the remainder when 6 - (20/4 + -3)*(-2625)/10 is divided by 266.
265
Suppose 0 = -10*v + 1388 + 1052. Suppose 0 = -5*b + v - 69. What is the remainder when b is divided by 12?
11
Let v = -22 + 25. Let l be (33/(-6))/(v/(-18)). Suppose l = 3*j - 30. What is the remainder when j is divided by 13?
8
Let b = 40636 + -40498. What is the remainder when 552 is divided by b?
0
Suppose -29*q + 600 - 535 = -515. What is the remainder when 119 is divided by q?
19
Let i be ((-9716)/(-35))/((0 + 2)/10). Suppose i - 352 = 4*j. Calculate the remainder when j is divided by 13.
12
Let i(g) = -2*g - 17. Let c be i(-10). Let v be 126/12*(-2)/c. Calculate the remainder when 80/(-28)*v/2 is divided by 6.
4
Let v = -37824 - -38629. What is the remainder when 4039 is divided by v?
14
Let a(q) = -q**3 + 22*q**2 - 37*q - 48. Calculate the remainder when 595 is divided by a(20).
7
Let r be (-10)/((-50)/(-3))*-15. Let s(j) = -2*j + 52. Calculate the remainder when s(r) is divided by 7.
6
Calculate the remainder when 374 is divided by (-2 + 4)*((-20)/(-15) - 245/(-30)).
13
Calculate the remainder when -6*(-35)/(-14) + 189 is divided by 166.
8
Suppose -112 = -2*j - 2*j - 2*k, 4*k + 16 = 0. What is the remainder when 117 is divided by j?
27
Suppose 4*p = -36 + 148. Let y = 5 - 4. What is the remainder when 27 is divided by y/(((-20)/p)/(-5))?
6
Let w = -3184 + 3374. What is the remainder when w is divided by 35?
15
Let p(a) = 13 - 2 + 1 + 32 - 7*a. Calculate the remainder when 50 is divided by p(5).
5
Suppose -14*d - 3*g + 14 = -12*d, 4*g + 4 = 3*d. Suppose 5*t - 7 = z, -5*z + 25 = 9*t - 4*t. What is the remainder when d is divided by z?
1
Let x = 2651 + -2541. What is the remainder when x is divided by 26?
6
Suppose -3*z + 0*z + 1483 = -2*y, -2*z = -y - 987. Suppose -24 = -4*k + 2*l + 86, 0 = -2*k - 5*l + 73. Calculate the remainder when z is divided by k.
27
Let z = -152 + 32. Calculate the remainder when z*((5 - 140/15) + 4) is divided by 14.
12
Let y = -7635 + 7773. Calculate the remainder when 635 is divided by y.
83
Suppose -4370 = -55*u + 635. What is the remainder when 2092 is divided by u?
90
Let t = 100 - 194. Suppose 13*g + 5*u + 279 = 11*g, 3*g = 4*u - 453. Let d = t - g. What is the remainder when d is divided by 8?
5
Let f(h) = 2*h**2 + 6*h - 18. Let j be f(9). Suppose 137*v - j = 131*v. What is the remainder when v is divided by 28?
5
Let i(f) = -43*f**3 - f - 2. Let u be i(-1). Calculate the remainder when 158 is divided by (7 + (-222)/u)/((-1)/(-42)).
14
Suppose 327*u - 330*u + 132 = 0. Suppose -u*t + 903 + 725 = 0. Calculate the remainder when 71 is divided by t.
34
Suppose -104*g - 161 = -111*g. Calculate the remainder when 159 is divided by g.
21
What is the remainder when 515 - ((-660)/(-154) + (-4)/14) is divided by 128?
127
Let x = 4941 - 4927. What is the remainder when 1257 is divided by x?
11
Suppose 52*m = -14*m + 16566. What is the remainder when m is divided by 50?
1
Suppose -4*c = -m - 222, -52 = 12*c - 13*c + 2*m. Let n = -4 + 7. Calculate the remainder when c is divided by n.
2
Suppose -63*o + 79*o = 496. What is the remainder when 123 is divided by o?
30
Let x = 350 + -310. Let h = 236 - 212. Calculate the remainder when x is divided by h.
16
Let f = -943 - -6254. Calculate the remainder when f is divided by 69.
67
Let d(k) = 10*k**2 + 12*k + 28. Suppose 2*z = -6*z + 1752. Calculate the remainder when z is divided by d(-2).
43
Let g(v) = 2*v**2 - 144*v + 2554. Calculate the remainder when g(55) is divided by 322.
40
Suppose -3198 = 10567*y - 10593*y. Calculate the remainder when 963 is divided by y.
102
Let w = 74 - 44. What is the remainder when (-1 + 1)/4 + (0 - 8) + 79 is divided by w?
11
Let d(n) = -n**2 - 39*n + 117. Let r be d(-48). What is the remainder when (-53505)/r - (-1)/7 is divided by 4?
2
Let y(v) = -2*v**3 - 8*v**2 + 27*v - 79. Calculate the remainder when 201 is divided by y(-7).
19
Suppose 0 = d, 8*v - 11*v + 5*d = 798. Let k be 0 + (2 - 3)*173. Let m = k - v. What is the remainder when m is divided by 19?
17
Let s = 8 + 28. Let q = -13447 + 13662. What is the remainder when q is divided by s?
35
Let i = 2759 + -2607. Calculate the remainder when i is divided by 27.
17
Let d = -6 - -11. Suppose 4*t = -d*y + 65, -2*t + 2*y + 27 = -y. Suppose 19*p - 64 = t*p. Calculate the remainder when p is divided by 3.
1
Let f(o) = 10*o**2 - 7*o - 31. Calculate the remainder when 388 is divided by f(-2).
20
Let k(v) = -15*v**3 + v**2 - v - 1. Suppose -485*t + 4*j = -487*t + 80, 5*t + 4*j = 218. What is the remainder when t is divided by k(-1)?
14
Suppose 0 = -1444*l + 1424*l + 115 + 285. Calculate the remainder when 203 is divided by l.
3
Suppose v = 2*v - 18. Let r = -8530 - -8581. What is the remainder when r is divided by v?
15
Let v be (4/(-3))/((12/18)/(-2)). Suppose -t - 8 = -4*d - 31, 3*d + 3 = -v*t. Let h = 44 + d. Calculate the remainder when h is divided by 20.
19
Let g be 21*(1 - (-28)/(-12)). Let i be 46/8 - (-21)/g. Suppose 0 = i*h + 46 - 171. Calculate the remainder when 147 is divided by h.
22
Let o(h) = h**3 + h**2 + 2*h + 1. Let n(a) = 4*a**3 + 19*a**2 - 17*a + 1. Let g(q) = n(q) - 5*o(q). What is the remainder when 68 is divided by g(3)?
12
Let v(o) = o**3 - 4*o**2 + 1. Suppose -5*u + 4*m + 0 + 3 = 0, 2*m + 6 = 4*u. Let y be v(u). What is the remainder when 34 is divided by 9/2*y/(-6)?
4
Suppose -2*h + 4*x = -364, -5*h + 7*x = 6*x - 856. What is the remainder when 272 is divided by h?
102
Let o be 0*((-3)/(-27))/(2/(-6)). Suppose o*h = -4*h + 268. Calculate the remainder when h is divided by 18.
13
What is the remainder when 85 is divided by (-8 - (15 - (2 - -21))) + -1 + 59?
27
Suppose -444*j = -483*j + 273. Calculate the remainder when 2391 is divided by j.
4
Let d(f) = f - 26. Let q be d(30). Suppose 2*o = -3*r + r + 52, 3*o = -q*r + 79. What is the remainder when 41 is divided by o?
16
Let w(r) = 4*r**2 + 5*r + 10. What is the remainder when (-1 - -289) + (-372 - -362) is divided by w(-3)?
30
Let o(f) = 1131*f - 176. What is the remainder when o(3) is divided by 161?
158
What is the remainder when 35806/14 - 2/(-10)*1080/504 is divided by 61?
57
Let d(k) = -31*k + 156. What is the remainder when 108 is divided by d(2)?
14
Let x = 294199 + -294192. What is the remainder when ((-9)/6)/((-2)/128) is divided by x?
5
Suppose -15*k - 3753 = -24*k. Let y = -393 + k. What is the remainder when 189 is divided by y?
21
Let v(x) = x**3 - 8*x**2 - 202*x - 124. Suppose -2 = 4*u - 18. What is the remainder when v(19) is divided by u?
1
Let j = 3722 - 3554. Calculate the remainder when 388 is divided by j.
52
Suppose -l - 3*n = -5*n - 69, 4*l + 4*n = 216. Calculate the remainder when 9/(-3)*(-7)/((-63)/(-528)) is divided by l.
58
Let v be (((-48)/(-20))/1)/((-5)/50). Let c(m) = -2*m**2 - 50*m - 16. Suppose 2*j - 7 = 15. What is the remainder when c(v) is divided by j?
10
Suppose -2*v - 6418 = 5*u + v, -3842 = 3*u + 4*v. Calculate the remainder when (-70)/(-245) - u/7 is divided by 17.
14
Let f = 25 + 20. Let m = -112 + 160. Suppose 3*d = -d + m. Calculate the remainder when f is divided by d.
9
Suppose 14*x = 15*x + 11. What is the remainder when -8 + (154 - (-3 - x)) is divided by 35?
33
Let r = 42065 + -42050. What is the remainder when (134/4)/(1/2) is divided by r?
7
Suppose 17*l - 2 = 16*l. Suppose l*o = w - 3*o - 71, -4*w = -o - 189. Let f = 72 - w. Calculate the remainder when f is divided by 7.
5
Let c be 6*(4 - 3)*(8 + -14). Calculate the remainder when ((-114)/4)/(18/c) is divided by 21.
15
Let c(q) = 9*q**2 - 33*q + 90. Let d(j) = j**3 + 15*j**2 + 13*j - 9. What is the remainder when c(3) is divided by d(-14)?
2
Suppose -6*k - 331 - 137 = 0. Suppose -3*p - 276 - 78 = 0. Let r = k - p. What is the remainder when r is divided by 24?
16
Suppose -471*c - 35 = -5*f - 468*c, -4*f - 3*c = -28. Let h 